se 9, what is -3300 + -3642?
-7042
In base 12, what is -32 - 95a?
-990
In base 7, what is 606 + -662?
-53
In base 6, what is 450 - -5133?
10023
In base 2, what is 101010111 - -1100000?
110110111
In base 14, what is 4c364b - -5?
4c3652
In base 10, what is -263 + 55?
-208
In base 14, what is -273b + 13?
-2728
In base 9, what is 1750 - -1303?
3153
In base 5, what is 1030 + 2310?
3340
In base 6, what is 25 - -1233000?
1233025
In base 15, what is 3d913 + 3?
3d916
In base 3, what is 12000020020202 - 11?
12000020020121
In base 8, what is 63274 + -1?
63273
In base 3, what is -21102 + -111110100?
-111201202
In base 7, what is 2030 + 132?
2162
In base 5, what is -10 + 112044012?
112044002
In base 15, what is 1b6 - -13c6?
158c
In base 8, what is -4 + 403725?
403721
In base 8, what is 103204 - 21?
103163
In base 4, what is -11 - -23133?
23122
In base 5, what is 2030 + -3401?
-1321
In base 11, what is -14 - 13313?
-13327
In base 16, what is -12335 + -9?
-1233e
In base 16, what is 275b - 35?
2726
In base 12, what is -570566 - 2?
-570568
In base 10, what is 170 + 27853?
28023
In base 16, what is 76 + -1d5?
-15f
In base 9, what is 56336 - 8?
56327
In base 14, what is b2 - -1b?
cd
In base 2, what is 101100001110011 + 11100?
101100010001111
In base 14, what is -349 + -106?
-451
In base 15, what is -30 + 1911?
18d1
In base 8, what is -261 + 42?
-217
In base 3, what is 0 - 1221002110?
-1221002110
In base 4, what is -1203222 - 33?
-1203321
In base 12, what is 48 - -3703?
374b
In base 4, what is -23113112 - -13?
-23113033
In base 12, what is 113 - 44a?
-337
In base 15, what is -51 - 445?
-496
In base 12, what is 20 + -a904?
-a8a4
In base 15, what is 0 + bc78?
bc78
In base 7, what is -4 - 16322?
-16326
In base 14, what is -b + -7cca8?
-7ccb5
In base 8, what is 24733 - 10?
24723
In base 11, what is -153 + -1a9?
-351
In base 6, what is 140 - 1001?
-421
In base 3, what is -22220 + -210202020?
-211002010
In base 4, what is 10 + -1123303310?
-1123303300
In base 6, what is 3 + -1435201?
-1435154
In base 5, what is 1 - 204331?
-204330
In base 3, what is -2201 + -10110?
-20011
In base 2, what is 101110001 - -101111?
110100000
In base 6, what is 43 + -410215?
-410132
In base 2, what is 101011000100000 - -10?
101011000100010
In base 12, what is -11 + -41917?
-41928
In base 8, what is -10512 - 440?
-11152
In base 8, what is 372 + 242?
634
In base 10, what is 10045 + -2?
10043
In base 16, what is 5 + 3889?
388e
In base 15, what is -189 + -2d?
-1b7
In base 6, what is 4304 - -142?
4450
In base 14, what is 6 - 200d2?
-200ca
In base 13, what is 5 - -182b29?
182b31
In base 13, what is -537 + -52b?
-a65
In base 16, what is -646 - -1c?
-62a
In base 9, what is 1681 + 17?
1708
In base 6, what is 105050 - 12?
105034
In base 12, what is 3a4aa + 2?
3a4b0
In base 14, what is -1d034 - -4?
-1d030
In base 3, what is -121101 - -2112?
-111212
In base 14, what is 1a + 19d6?
1a12
In base 14, what is 1d49 + -3?
1d46
In base 14, what is -21 - 28a?
-2ab
In base 10, what is 74 + -113?
-39
In base 12, what is 5877 - -601?
6278
In base 8, what is -10213453 - 2?
-10213455
In base 10, what is 24507 + 2?
24509
In base 8, what is 4 - 4207?
-4203
In base 2, what is 1100 + 1001101111000101?
1001101111010001
In base 7, what is -3265 - -535?
-2430
In base 4, what is 20230111 - 202?
20223303
In base 6, what is 14 + 20400254?
20400312
In base 6, what is 3 - -433121?
433124
In base 12, what is 1165b - -3?
11662
In base 12, what is 17a749b - 4?
17a7497
In base 15, what is -6c + 1ca?
15d
In base 16, what is 54c + -15?
537
In base 4, what is -211231211 - -11?
-211231200
In base 5, what is -311 - -21032?
20221
In base 15, what is -e - 7ee?
-80d
In base 5, what is -10 + 3212300?
3212240
In base 7, what is -135 + -5253?
-5421
In base 7, what is 135322 + 1?
135323
In base 8, what is -2755 - -5?
-2750
In base 10, what is -3 - 51360?
-51363
In base 13, what is 208a - 29?
2061
In base 3, what is -100010101121 + -10?
-100010101201
In base 9, what is 2 + -84446?
-84444
In base 9, what is -1 - 1250?
-1251
In base 3, what is -10 + -100120012?
-100120022
In base 9, what is -72 - -380?
307
In base 11, what is 2 + 14497?
14499
In base 15, what is -8 - 23bd?
-23c6
In base 9, what is 1 - -211223?
211224
In base 16, what is 4 - 4350e?
-4350a
In base 8, what is -62 + 245442?
245360
In base 3, what is -11020100000001 - -12?
-11020022222212
In base 10, what is -8 + 197003?
196995
In base 4, what is 10 - 11332110?
-11332100
In base 13, what is 322 - 38c5?
-35a3
In base 8, what is -330327 - 6?
-330335
In base 7, what is 6 + 3003264?
3003303
In base 2, what is -1001001 - 1000010010001111?
-1000010011011000
In base 16, what is -3 + -102d26?
-102d29
In base 9, what is 3 + 5265?
5268
In base 10, what is 1 + 76383?
76384
In base 10, what is 1 - 111813?
-111812
In base 9, what is 257 - 426?
-158
In base 10, what is -369 - 121?
-490
In base 16, what is a - 14f6?
-14ec
In base 10, what is 34157 - -6?
34163
In base 11, what is -63aa42 - 0?
-63aa42
In base 12, what is -235 + 40?
-1b5
In base 6, what is -2152 - -4253?
2101
In base 14, what is 3 + -10353?
-10350
In base 3, what is -110210001021201 - 12?
-110210001021220
In base 5, what is 22213 - 1243?
20420
In base 8, what is 3124 - 1111?
2013
In base 16, what is -58 - -1?
-57
In base 6, what is 22 - -33203?
33225
In base 2, what is -110001101 - -10110110?
-11010111
In base 10, what is -5 - 10402?
-10407
In base 3, what is -2211 - 10010010?
-10012221
In base 8, what is 2 - 4500?
-4476
In base 10, what is -17 - -4980?
4963
In base 13, what is -408a + 2?
-4088
In base 8, what is -5 - -37223?
37216
In base 14, what is -2 - -260c8d?
260c8b
In base 7, what is 2120201 - -3?
2120204
In base 4, what is 2 + 100130312?
100130320
In base 8, what is 2 + -70533?
-70531
In base 16, what is 20 + 10f6?
1116
In base 15, what is -5 - -5740?
573a
In base 6, what is -1004 - -34?
-530
In base 15, what is a6 - 774?
-6bd
In base 13, what is 7 - aca38?
-aca31
In base 10, what is 24 - -711?
735
In base 8, what is 462254 - 2?
462252
In base 9, what is -7670 - -35?
-7634
In base 7, what is 45 - -33421?
33466
In base 4, what is 2 - 10030030?
-10030022
In base 3, what is -110222 - 21?
-111020
In base 4, what is 22 - -2222?
2310
In base 8, what is -707336 + 2?
-707334
In base 9, what is 373 - 861?
-477
In base 13, what is -28a + 2b?
-25c
In base 14, what is 72559 + -1?
72558
In base 3, what is -122202 - -1?
-122201
In base 6, what is 1 + 15310?
15311
In base 6, what is 5 - 4431?
-4422
In base 5, what is 1040143 - -11?
1040204
In base 7, what is -2604 - -556?
-2015
In base 6, what is 213102 - 12?
213050
In base 10, what is -84427 + -1?
-84428
In base 4, what is -10 + -1001023202?
-1001023212
In base 7, what is -1206011 + 1?
-1206010
In base 8, what is -657216 - 1?
-657217
In base 15, what is -15 - 253a8?
-253bd
In base 7, what is 42 + -3220?
-3145
In base 13, what is -1 - 57cb3?
-57cb4
In base 8, what is -267030 + -3?
-267033
In base 5, what is -102441 + -112?
-103103
In base 16, what is 9e51 + 5?
9e56
In base 4, what is 1230132 - 31?
1230101
In base 7, what is 3 - 45416?
-45413
In base 9, what is -13526 + 3?
-13523
In base 10, what is 2287 + 1043?
3330
In base 4, what is -231133 - 1?
-231200
In base 13, what is 9b1 - -3?
9b4
In base 15, what is -68 - 67?
-d0
In base 15, what is 1 - 3272?
-3271
In base 16, what is -9 - aa9?
-ab2
In base 13, what is c7 - -63b8?
64b2
In base 6, what is -33 + -225?
-302
In base 3, what is -10 + -1022121112012?
-1022121112022
In base 10, what is 2 + -847357?
-847355
In base 16, what is 0 + -5bab?
-5bab
In base 10, what is 1 - -4487?
4488
In base 2, what is -11101101100100 - -1010101?
-11101100001111
In base 6, what is 5352523 + -5?
5352514
In base 4, what is -2022033213 + -2?
-2022033221
In base 16, what is -da - -25d5?
24fb
In base 16, what is -5 + 8d0f4?
8d0ef
In base 2, what is 1111010 + 1000010000000010?
1000010001111100
In base 11, what is -3809 - -85?
-3734
In base 4, what is -1123 + 100110223?
100103100
In base 6, what is 15233 + -1?
15232
In base 13, what is -3cb52 - 5?
-3cb57
In base 10, what is 18103 - 1?
18102
In base 3, what is 2120121221 - 22?
2120121122
In base 6, what is 413 - -31?
444
In base 4, what is 203 + -213303?
-213100
In base 3, what is -2100 + 20000?
10200
In base 14, wh